 s - 2*b - 573 + 327. What is the highest common divisor of 568 and s?
8
Let l = 21963 - -20042. What is the highest common divisor of 155 and l?
155
Suppose -6*k - 3 = -15. Suppose 3*l - k*n = 94, -2*l + 4*n + 72 = 4. Let u = -24 + 30. What is the greatest common divisor of l and u?
6
Let o be (-2)/3 - (-47)/3. Suppose 0*s = -n + s + 1, 0 = 4*n + 2*s + 8. Let b be 9/n*14/(-21). Calculate the highest common factor of o and b.
3
Suppose 453*z - 94068 = 116*z - 14*z. What is the highest common divisor of 10519 and z?
67
Suppose 69 = 3*j - a + 41, 3*a = -4*j + 72. What is the greatest common divisor of 33 and j?
3
Let u(h) = 4*h**2 + 166*h + 616. Let z be u(-38). Calculate the highest common factor of z and 1956.
12
Suppose 6*x - x = 275. Suppose -3*y = -3*i + 1143, 2*i + 4*y - 792 = -6. What is the greatest common factor of x and i?
55
Let y be (-2)/4 - (-21)/(-6) - -4. Suppose y = -4*k - m + 128, 3*k - 49 = 2*m + 36. Calculate the greatest common factor of k and 1.
1
Suppose 4*a - 152 = 5*w, -3*a = 16*w - 15*w - 114. Let z be (38/(-1))/2*-5. What is the highest common factor of a and z?
19
Let w(o) = -42*o - 61. Let k be w(-14). Suppose -k - 49 = -12*v. Suppose 4*g + q = 3*g + 8, -3*g = 2*q - 28. What is the highest common divisor of v and g?
12
Let y(c) = c - 6. Let k be y(6). Suppose 0 = 3*b - k*l + 4*l - 1633, 2*l = 8. Suppose 15*j - b = 4*j. What is the greatest common divisor of j and 7?
7
Suppose -17169*t + 17138*t = -620. Calculate the greatest common factor of t and 31810.
10
Let o be -754*3/(-24) - 3/(-4). Suppose -2*g + g + 81 = 0. Let f = g - 43. Calculate the greatest common factor of f and o.
19
Suppose 4*n = -5*w + 382, -3*n - 2*w = 95 - 385. Let a be -5 + (-5)/3*-45. What is the highest common divisor of a and n?
14
Let q(s) = -446*s + 449*s - 17*s**2 - 1 + 3. Let h be q(2). Let w be (-4)/(16/h) + -4. Calculate the greatest common factor of 77 and w.
11
Suppose 32*g - 178 = -q + 27*g, 5*q - 932 = -4*g. Let l(y) = -3*y**2 + 39*y - 32. Let o be l(12). What is the greatest common divisor of q and o?
4
Let s be (2 - -6) + (-1)/1. Let a(x) = -28*x - 60. Let c be a(-6). Let p = 11 + c. What is the greatest common divisor of p and s?
7
Let h be (-4954)/(-3) + 3 - (-8)/(-6). Calculate the highest common divisor of h and 174.
87
Let v be 12 - -3 - (-38 - -4). Suppose 0 = -4*i + 45 - 17. What is the highest common divisor of i and v?
7
Let f = -5 - -41. Let y = f + -147. Let w = -96 - y. Calculate the greatest common divisor of w and 9.
3
Suppose 0*i + 541 = 3*i - n, n = -1. Let m = -73 - -118. Calculate the highest common divisor of m and i.
45
Let u(b) = 4*b**3 + 7*b**2 - 14*b + 5. Let c be u(3). Suppose 140*l - 918 = c*l. Calculate the greatest common factor of l and 255.
51
Let g be 19*(-1 - (-2 + (-2)/1)). Let k = g + -9. Suppose -77*z + 73*z = -k. Calculate the highest common divisor of 228 and z.
12
Let w(m) = 15*m**3 + 3*m**2 - 6*m + 3. Let p be w(1). Suppose p*v + 165 = 945. Calculate the highest common divisor of v and 572.
52
Let d be 9/(-7) + (-10)/(-35) - -3. Suppose d + 6 = -h. Let w be h/52 - 784/(-26). What is the greatest common divisor of w and 45?
15
Let j be 7 + (0 + 0)/(-1). Let r = 176602 - 176441. Calculate the highest common factor of j and r.
7
Let h = -5142 - -3658. Let c = h + 236. Let p be c/(-40) - (8/(-10) + 0). Calculate the greatest common factor of 352 and p.
32
Suppose -h - 3*h = -c + 2, -10 = -h - 5*c. Suppose 6*y + y - 161 = h. Calculate the greatest common factor of 46 and y.
23
Let w = 1280 + -815. Let t be 8/(-36) - (w/(-27) + -1). Let q be (t/(-5))/(5/600*-3). Calculate the highest common factor of 18 and q.
18
Let b(x) = -2*x**3 - 24*x**2 + 18*x + 19. Let d be b(-13). Let y = 154 - d. Calculate the greatest common factor of y and 1.
1
Let o(f) = 4*f + 125. Let b be o(-23). Suppose 3*j + 255 = 5*m, 0 = -3*m + 2*m - 3*j + b. Calculate the highest common factor of m and 24.
24
Let j = -4708 - -4713. What is the highest common factor of 4705 and j?
5
Let b(x) = 16*x - 124. Let c be b(8). Suppose 0 = 3*m - 4*o + 32, -4*m - 6 = 5*o + 47. Let f be (m/5)/(3/(-10)). What is the greatest common divisor of f and c?
4
Let c(q) = 5*q**2 + 19*q + 10. Let f be (-1 + 1 + -6)*(-24)/(-24). Let a be c(f). Calculate the greatest common factor of 684 and a.
76
Let y be (-2 - 6)/(0 - 2/(-4)). Let p be 4 + ((-8)/y)/((-2)/(-956)). What is the highest common factor of 9 and p?
9
Suppose 3*c + 4*d - 20394 = c, -3*c - 2*d = -30591. What is the greatest common factor of c and 99?
99
Let a = 286 - 284. Suppose 0 = -a*d - 2*d - 2*p + 152, d - 44 = -2*p. Calculate the highest common factor of 72 and d.
36
Let g(p) = -10*p + 30. Let b(m) = -m**2 - 18*m + 7. Let i be b(-19). Let a be g(i). Let o = -131 + a. What is the highest common factor of 57 and o?
19
Let c(g) = -17*g + 4. Let m be c(-5). Let y = m - 31. Calculate the highest common factor of 145 and y.
29
Let i = 16 + -11. Suppose -4*w - 11 - 70 = i*f, 2*w = f - 51. Let a = -21 - w. What is the greatest common factor of a and 3?
3
Let w be (-119086)/(-88) - (-6 + (-75)/(-12)). Calculate the highest common divisor of 231 and w.
33
Suppose -3*h + 18 = k + 213, -h - 4 = 0. Let z be k/(-2) - (-6)/(-4). Calculate the greatest common divisor of z and 60.
30
Let m(u) = -u**3 + 38*u**2 + 86*u + 72. Let l be m(36). Suppose 20*h = -4*h + l. What is the greatest common factor of 15 and h?
15
Let v be (-155)/(-4) - 12/16. Let q(c) = 2*c + 35. Let u = 135 + -143. Let f be q(u). What is the highest common divisor of v and f?
19
Suppose 150 = -3*g + 12. Let n(h) = -h**3 - 46*h**2 - h + 73. Let y be n(g). Calculate the greatest common factor of 85 and y.
17
Let c be -4 + 1431/((-54)/(-6)). Let z(h) = 5*h**2 - 6*h - 2. Let i be z(5). What is the highest common factor of i and c?
31
Let t be ((-18)/42)/((-10)/13160). What is the greatest common divisor of 48 and t?
12
Suppose -3*s = s - x + 213, 2*s = -3*x - 103. Let t = s + 52. Let k be (-5)/(-15)*(t - -22). Calculate the highest common factor of k and 49.
7
Suppose 104*j - 99*j + 6394 = 2*w, 3*j = -6. Calculate the highest common divisor of w and 3458.
266
Let r = -49 - -51. Suppose r*d - 22 - 12 = 0. Let y = 41 + 10. Calculate the greatest common divisor of d and y.
17
Let h(i) = 16*i**2 - 15*i - 51. Let o be h(-3). Let u be 1/3 + (-68)/(-24)*2. Calculate the highest common factor of u and o.
6
Let v = -27739 + 27834. Suppose 2*t + 6 = 0, 2*o - o - t - 117 = 0. What is the greatest common divisor of o and v?
19
Suppose 652*p - 225*p = 7686. Calculate the highest common divisor of p and 37494.
18
Let a be (-3402)/630*(-98 + -2). What is the highest common divisor of a and 396?
36
Let q(h) = -4*h - 18. Let m be q(-3). Let l(x) = 29*x + 186. Let s be l(m). What is the greatest common factor of 1236 and s?
12
Let y(z) = -12*z - 5. Suppose -f + 15 = 18. Let q be y(f). Suppose -t + 9 = s, -2*t + s + q = t. Calculate the highest common factor of 50 and t.
10
Suppose 20 = 1552*f - 1551*f. What is the highest common factor of f and 124?
4
Let l(b) = -3*b - 11. Let z(w) = w - 1. Let a(n) = -l(n) - 4*z(n). Let f = 155 - 162. Let k be a(f). Calculate the greatest common divisor of 22 and k.
22
Suppose -8*f = 134*f - 8520. Calculate the greatest common factor of 96 and f.
12
Suppose -2*r = -7*k + 12*k - 119, -2*r + 110 = 2*k. Calculate the highest common factor of 4212 and r.
52
Suppose 8*a + 149 = -107. Let m be 7*a/(-56) + 30. What is the greatest common divisor of 221 and m?
17
Let s = -3671 - -3881. Calculate the highest common divisor of s and 2814.
42
Let m = 77 + -45. Let s(l) = l**3 + 25*l**2 - 196*l - 134. Let c be s(-31). Calculate the greatest common factor of m and c.
16
Let l be (1 + -1)/(-3 - -2). Suppose 3*q + 0*q - 720 = l. Let b(h) = 4*h**2 + 4*h - 18. Let n be b(-4). Calculate the greatest common divisor of q and n.
30
Let b = -18 - -35. Let d be 17/2*((-20)/(-30))/(1/21). Calculate the greatest common divisor of d and b.
17
Suppose 0 = -p - j + 2*j - 13, -3*j = -9. Let r be ((-6)/(-5))/(p/(-25)). What is the highest common divisor of r and 9?
3
Let d be (2/(-3))/(644/(-42) - -15). Suppose 3*p - 41 + 5 = 3*k, -2*p - 2*k + 40 = 0. What is the highest common divisor of p and d?
2
Suppose 3*o + 4*f + 1 = 30, o + 5*f + 5 = 0. Calculat